- 2 + 8 - 5. Give t(-1).
15
Let v(j) = -j**3 - 5*j**2 - j + 0*j**3 - 78 + 71 + 2*j**3. What is v(5)?
-12
Let o(w) = -13*w**2 + 5*w + 3*w + 3 + 12*w**2. What is o(8)?
3
Let w(u) = 3*u**2 - 5*u**2 - 2 + 3*u + 3*u**3 - 1 + u. Determine w(2).
21
Let a(z) = -4*z**2 + 0 + 2 - 5 - 2*z - 2*z - z**3. Let o be a(-2). Let y(m) = -m**3 - 5*m**2 - 4*m + 1. Let p be y(o). Let u(h) = h**2 + 6*h. Determine u(p).
-5
Let m(n) be the first derivative of -n**5/20 + n**4/4 + 5*n**3/6 - n**2 - 4*n + 1. Let r(t) be the first derivative of m(t). Calculate r(3).
13
Let s(n) be the first derivative of -n**4/4 + n**3 + n**2 + 2*n - 1. Let z(o) = -o**3 + 6*o**2 - 4*o - 6. Let b be z(5). Let w = 2 - b. Calculate s(w).
8
Suppose 3*o - 14 = -2. Suppose 3*m + 13 = -o*f, m + 5 = -2*f - 0. Let v(j) = -2 + 3 - 2*j**2 - 4*j**2 + j. Determine v(f).
-6
Let j(u) = 262*u - 527*u - 5 + 264*u. Suppose 2*p - 4 = 3*p. Give j(p).
-1
Suppose -2*i - 2*i = 0. Let q(t) be the first derivative of t**2/2 - 3*t + 35. Calculate q(i).
-3
Let a(s) be the first derivative of s**2/2 + 5*s + 1. What is a(0)?
5
Let t(i) = 7*i**2 + 13*i - 1. Let y(m) = 8*m**2 - 2*m**2 - 1 + 17*m - 5*m. Let w(s) = 5*t(s) - 6*y(s). Calculate w(-5).
11
Suppose -70 = -4*w - 62. Let k(o) be the third derivative of 0*o - 1/3*o**3 - 1/60*o**5 + 1/24*o**4 + 0 + o**w. Give k(3).
-8
Let k(v) be the third derivative of v**6/120 - v**5/10 + v**4/12 + v**3/2 + 5*v**2. Calculate k(5).
-12
Let b(y) = y**2 - 6*y + 1. Suppose 4*g - g + 5*a - 27 = 0, -3*a = 0. Let w be 9/4*24/g. What is b(w)?
1
Let n(j) = -j**3 - 4*j**2 + 7*j. Suppose 0 = -14*q + 9*q - 25. Calculate n(q).
-10
Let t be 2*(9/6 + 0). Suppose -t*q + 3 = -2*q. Let b(d) = -2*d - d - 1 + d**q + 4*d**2 + 0. Determine b(-4).
11
Let i(y) be the third derivative of -y**5/10 - y**4/12 - y**3/6 + 4*y**2. Let o(p) = -11*p**2 - 5*p - 2. Let b(c) = 7*i(c) - 4*o(c). Calculate b(-4).
9
Let d(l) = 0*l**2 + 4*l**2 + 12*l - 3*l**2 - 11*l - 1. Let c be d(-1). Let b(k) be the first derivative of 5*k**3/3 - k**2/2 + 1. Give b(c).
6
Let j(b) = -3*b**2 + 2*b - 1. Suppose 2*p - 12 = -5*l, -5*l + 4*l = -4*p + 2. Determine j(p).
-2
Let y(r) = r**2 + 6*r + 3. Suppose 4*s + 9 = 41. Suppose 5 = -x + a, -3*x + 5*a = -s*x - 15. Determine y(x).
-5
Let n be -2 + (8 - 1) - 1. Let i(f) = f**3 + 5*f**2 + f - 1. Let s(h) = h**3 + h**2 - h. Let y(q) = -i(q) + 2*s(q). Calculate y(n).
5
Let y = 50 - 42. Let x(i) = -i**2 + 8*i. Determine x(y).
0
Let s be ((-3)/6*0/(-4))/2. Let d(z) be the third derivative of 1/12*z**4 + 0*z + s*z**3 + 0 + 3*z**2. Calculate d(4).
8
Let k = -9 + 11. Let p(w) = -w**2 + w - 1. Determine p(k).
-3
Suppose m - 5*n - 15 = 0, -12 = -2*m + 2*n - n. Let r(f) = -5*f - f + m*f. Suppose t + p + 12 = -3*p, 12 = -2*t - 2*p. Determine r(t).
4
Let v(x) = -5*x - 1. Let c(u) = -u**3 - 6*u**2 - 5*u - 3. Let f be c(-5). Let h be -3 + (-4)/(-1) + f. Determine v(h).
9
Let z(y) = 4 + 3*y**2 - 5*y**2 + 4*y - 4*y + 3*y. Give z(3).
-5
Let w(r) = 3*r - 2*r + r**2 - r + 4*r + 1. Let s be -1 + 2/(-2) + -7. Let p be 1/(-3) + 42/s. Give w(p).
6
Suppose 0 = 3*l - 6*l - 4*t + 13, 0 = 3*l - 5*t - 4. Let c(g) = 9*g - 3 - 8*g + l. What is c(-6)?
-6
Let v(w) be the first derivative of w**2 + 1/4*w**4 - 1/20*w**5 - w - 2 - 1/3*w**3. Let y(g) be the first derivative of v(g). What is y(3)?
-4
Suppose 4*l - 7 - 9 = 0, l + 1 = -j. Let w(x) = -x**2 - x. Let p(q) = -q**2. Let t(d) = 3*p(d) - 4*w(d). Calculate t(j).
5
Let r(b) = b**2 + 6*b + 4. Let x = -3 - 2. What is r(x)?
-1
Let n(q) = 4*q + 0 + 3 - 3*q. Suppose 0 = -2*g - g, -t - 2*g + 3 = 0. Suppose 0 = 2*f + 5 + t. Calculate n(f).
-1
Let d = 11 + -6. Suppose -c = -d*c. Let j(n) = n - 4. Calculate j(c).
-4
Let i(r) be the first derivative of -5 + r - 3/2*r**2 - 1/3*r**3. Calculate i(-3).
1
Let b(s) be the third derivative of s**5/60 - 5*s**4/24 - 2*s**3/3 + s**2. Let l = -99 - -105. What is b(l)?
2
Let f(h) be the second derivative of h**2 + 1/6*h**3 + 0 - 4*h. Give f(-6).
-4
Let y(w) = 5*w**2 + 5*w - 4. Let s(x) = -9*x**2 - 9*x + 7. Let v(d) = 3*s(d) + 5*y(d). Let b(l) = -3*l**2 - 2*l + 1. Let r(u) = 4*b(u) - 5*v(u). What is r(1)?
-1
Let r(d) = -5*d**2 - 2*d + 1. Let x(p) = p**2 + 14*p + 34. Let m be x(-11). Give r(m).
-6
Let b = -10 - -14. Suppose 3*k - 7 - 2 = 0. Let o(c) = -4*c + c - k + 10*c - c**2. Calculate o(b).
9
Let t(r) be the first derivative of -r**6/72 + r**4/24 + 2*r**3/3 - 2. Let u(k) be the third derivative of t(k). Let c be (12 - 9) + -2*1. Calculate u(c).
-4
Suppose -x - 3 = -6. Let u(f) = 3 + 2 - x + f - 2*f. Determine u(-3).
5
Let q(k) = -2*k + 6. Let c be q(4). Let u(v) be the third derivative of -v**5/60 + v**4/24 - v**3/3 + 19*v**2. Determine u(c).
-8
Let n be (-2)/6*(1 - -2). Let x(u) be the third derivative of -u**2 - 2/15*u**5 - 1/12*u**4 - 1/6*u**3 + 0*u + 0. Determine x(n).
-7
Let c = 19 + -5. Let g = -8 + c. Let w(d) = d**3 - 6*d**2 + 2*d - 9. Determine w(g).
3
Let r be 1 + 26 + 2/1. Suppose 2*v - 7*v = -4*y + r, 3*y + 17 = -4*v. Let h(o) = 3*o. What is h(y)?
3
Let d(l) be the third derivative of -l**5/60 - l**4/3 - l**3 - l**2. Let q(h) = h - 6. Let s be q(0). What is d(s)?
6
Suppose 0 = -8*n + 3*n. Let z(v) = -5 - 2 - 5 + v. Determine z(n).
-12
Let x(h) = -3*h**2 - 4*h - 8. Let v(z) = -5*z**2 - 8*z - 15. Let r(j) = -4*v(j) + 7*x(j). Suppose 0 = -5*l + 2*l. Suppose -2*p + 8 = -l. Give r(p).
4
Let n(p) = -p + 15. Let c(g) = -14. Let i(r) = 3*c(r) + 2*n(r). Let f be i(-8). Let y(v) = 2 + f - 4*v - 5. Calculate y(1).
-3
Let h(k) be the second derivative of k**5/120 + k**4/12 + k**3/6 + 7*k. Let f(n) be the second derivative of h(n). Let a = -1 - -1. Determine f(a).
2
Suppose -5*c + 3*s + 47 = 0, 8 = c + 3*s - 5. Suppose -3*l + 2*w + 26 = 5, l + 5*w = -c. Let d(u) = -3 + 3 - u**2 - l - 5*u. Calculate d(-5).
-5
Suppose -w = w. Suppose l - 7 = -3*h, w = h + 3*h - 2*l - 6. Let i(p) = 4 + h - 2*p + 4*p. What is i(-6)?
-6
Suppose 4*p = 5*y + p - 19, -4*y + 5 = p. Let r(f) = y - 2 + 6*f. Determine r(1).
6
Let r(w) = -w**2 + 6*w. Let v = -2 - -2. Suppose 4*n = -v*n + 20. What is r(n)?
5
Let d(g) = -g**2 - 6*g + 11. Suppose 2*h = 3*h + 8. Let s(c) = -c**2 - 7*c. Let w be s(h). Let z be d(w). Let u(p) = -p - 8. What is u(z)?
-3
Let q = 37 + -36. Let o(b) = 11*b**3 - 2*b**2 + 1. Calculate o(q).
10
Let v(t) be the second derivative of -t**3/6 - 3*t**2/2 + 10*t. Give v(0).
-3
Let s be (-2 - -2)/(-1 + -1). Suppose s = x + x - 14. Let h(q) = 2*q**3 + 5 - 2*q**3 - 4*q**2 - q**3 + x*q. Calculate h(-5).
-5
Let s(y) be the second derivative of -y**3/6 + y**2/2 - y - 25. What is s(5)?
-4
Let u(v) be the second derivative of v**6/720 + 3*v**5/40 - v**4/4 - 5*v. Let n(i) be the third derivative of u(i). Determine n(-6).
3
Let j(x) = -x**2 - 4*x + 3. Let g be j(-5). Let i = -8 - g. Let a(o) = -o**3 - 6*o**2 + o + 1. Calculate a(i).
-5
Let l(b) = 9*b - b**2 - b**2 + 3*b**2 + 10 - 1. Determine l(-8).
1
Suppose -2*b - 1 = -x, 5 = -2*x + 3*b + 2. Let h = 8 + x. Let s(p) be the first derivative of -7*p**2/2 - 2. What is s(h)?
7
Let c(r) be the first derivative of 2*r + 5/3*r**3 - 5/2*r**2 - 1/4*r**4 - 1. What is c(3)?
5
Let a be ((-2)/(-7))/1 + (-496)/217. Let k(v) = 2*v**2 + 3*v + 3. Determine k(a).
5
Let w(u) = -u - 2*u**2 + u + u + 7*u**3. Suppose -171 - 24 = 5*i. Let m be (-33)/i + (-4)/(-26). Give w(m).
6
Let b(p) = -2*p - 2. Suppose 0 = 8*x - 2*x + 24. Determine b(x).
6
Let k(c) = 15*c + 22*c - 50*c + 7 + 15*c. Calculate k(-5).
-3
Let z(i) = -13*i - 1. Let n be z(-2). Let h(g) = -2 + 23*g - n*g - 1. Calculate h(-4).
5
Let q be (2 + -3)/(2/(-12)). Let n be (-4)/q - (-8)/3. Let m(u) = 8 - 2*u**n + 2*u**3 + 0*u**3 + u**2 - 3*u**3 + u. Calculate m(0).
8
Let r(m) = 0*m + 5*m - 2 - 6*m + 0*m. Determine r(-6).
4
Suppose 0 = 3*v + 3*d - 30, -2*d + 0*d + 15 = v. Let u(l) = -l**2 + 6*l - 5. Determine u(v).
0
Let r(s) = -s + 373 - 373. What is r(-2)?
2
Let v(o) be the third derivative of o**4/24 - o**3/3 - o**2. Suppose 0 = 4*i - 3*x, x + 3 = i + 2. Calculate v(i).
-5
Let f(z) be the second derivative of z**5/30 + z**4/24 - z**3/2 - z. Let h(k) be the second derivative of f(k). Suppose -n + 1 = 4. Give h(n).
-11
Let k(n) = n**2 + 3*n. Suppose -5 + 49 = 4*j. Let i(x) = -11*x + 8 + 0*x + 10*x. Let a be i(j). What is k(a)?
0
Let p(j) = 16*j - 1. Let k = 15 - 16. Calculate p(